base 9, what is -51 - -753?
702
In base 11, what is 1124 + 27?
1150
In base 13, what is 1673 + -5?
166b
In base 9, what is -2 - -70776?
70774
In base 12, what is -3 + a8724?
a8721
In base 2, what is -1 + -1111101110111110100?
-1111101110111110101
In base 15, what is -c + c24a?
c23d
In base 9, what is 5 + -20150?
-20144
In base 2, what is -101100010011000 + 1101000?
-101100000110000
In base 2, what is -100010001011 - 1100101110?
-101110111001
In base 12, what is 132 + -294?
-162
In base 3, what is -121111012201 - 20?
-121111012221
In base 4, what is 1 + 122312010?
122312011
In base 15, what is 6ad11 - -5?
6ad16
In base 7, what is 16353 + 21?
16404
In base 3, what is -10 + -2200202110?
-2200202120
In base 15, what is -10983 + 0?
-10983
In base 9, what is 167076 - -3?
167080
In base 7, what is -40630 - -2?
-40625
In base 10, what is 531 - 26?
505
In base 14, what is 22 + 167?
189
In base 12, what is 46 + 104?
14a
In base 13, what is 1 + a28cc?
a2900
In base 3, what is -2201 + 10000201?
2221000
In base 16, what is 116fc + 4?
11700
In base 8, what is 224 + 332?
556
In base 5, what is -301 + 3121011?
3120210
In base 5, what is 3211123 - 0?
3211123
In base 15, what is bb7e2 - 0?
bb7e2
In base 15, what is -72b5 + -97?
-735c
In base 5, what is -13 - 33330?
-33343
In base 8, what is 5 - -7171?
7176
In base 7, what is 56 + 15460?
15546
In base 8, what is -5 - 1614345?
-1614352
In base 7, what is -11 - -13513?
13502
In base 9, what is 45610 - 2?
45607
In base 11, what is -2 - -70667?
70665
In base 10, what is -43573 - 0?
-43573
In base 16, what is -8 - 36c2?
-36ca
In base 15, what is 33833 - -5?
33838
In base 8, what is 4 - 531030?
-531024
In base 14, what is -22 + -48b?
-4ad
In base 15, what is -1 + 147dc?
147db
In base 4, what is 13 - -12113123?
12113202
In base 5, what is 141 + 2214?
2410
In base 13, what is 1 - -424a6?
424a7
In base 11, what is 116a7 + 66?
11762
In base 15, what is 209 - 4?
205
In base 13, what is 864 - -37?
89b
In base 10, what is 133127 - 3?
133124
In base 6, what is -2430 - -10004?
3134
In base 10, what is 96675 + 5?
96680
In base 16, what is -4 - 226e?
-2272
In base 13, what is -7 - -46459?
46452
In base 16, what is -5 + 1b85?
1b80
In base 7, what is 2045 - 10011?
-4633
In base 7, what is 60534 + 1?
60535
In base 15, what is 2 - -223e?
2241
In base 2, what is 10000110110000010 - -101?
10000110110000111
In base 8, what is -2314 - -74?
-2220
In base 7, what is -12 + -10106?
-10121
In base 7, what is -2324355 - 1?
-2324356
In base 12, what is 0 + 119a0?
119a0
In base 5, what is -1 - 34113?
-34114
In base 9, what is -4 + 136126?
136122
In base 13, what is b571 + 0?
b571
In base 4, what is -20112023110 + 10?
-20112023100
In base 3, what is -10 - -111211110012?
111211110002
In base 15, what is -5366 - 26?
-538c
In base 4, what is 2 - 101121122?
-101121120
In base 7, what is -21446 - 1346?
-23125
In base 12, what is 5 + -a071?
-a068
In base 15, what is -53e + -21?
-560
In base 10, what is -83452 - 1?
-83453
In base 7, what is 11 + -156331?
-156320
In base 2, what is 10 - -10010111111001?
10010111111011
In base 4, what is -12112302 - 10?
-12112312
In base 7, what is -10013051 - 0?
-10013051
In base 13, what is 0 + 1bc9b?
1bc9b
In base 15, what is -88c + -43?
-8d0
In base 5, what is -110 - 20242?
-20402
In base 4, what is 1200002 + -3321?
1130021
In base 12, what is 171855 - 3?
171852
In base 5, what is -10 - 142002100?
-142002110
In base 2, what is 11110011010 - -10000?
11110101010
In base 13, what is 999 - 2?
997
In base 15, what is c78 - -105?
d7d
In base 7, what is -210636 - -63?
-210543
In base 10, what is 3 - -301889?
301892
In base 3, what is -112 - 21022011202?
-21022012021
In base 16, what is -10bc2b - 3?
-10bc2e
In base 4, what is -3 - -1022333203?
1022333200
In base 3, what is -1120202100012 - 0?
-1120202100012
In base 15, what is -10a77 + 2?
-10a75
In base 4, what is -23 + -210200110?
-210200133
In base 7, what is 1532 - -1206?
3041
In base 10, what is -6453 - -11?
-6442
In base 9, what is -2420 + -4352?
-6772
In base 16, what is -4 + -2728?
-272c
In base 3, what is -12 - -202102002202?
202102002120
In base 11, what is -3642 + -4?
-3646
In base 6, what is 252 - -103344?
104040
In base 16, what is 10 + ae4?
af4
In base 7, what is -2 - 61563?
-61565
In base 8, what is 2065530 + -3?
2065525
In base 2, what is 11011011010011011100 + 101?
11011011010011100001
In base 10, what is -16 + 11005?
10989
In base 9, what is 4 - 805846?
-805842
In base 9, what is 3561 - -1?
3562
In base 3, what is -210010200 - 12?
-210010212
In base 16, what is -1628a5 + 4?
-1628a1
In base 15, what is 373e + -11?
372d
In base 8, what is 16300 + 20?
16320
In base 16, what is 266 - -156?
3bc
In base 8, what is 363 - -534?
1117
In base 12, what is -5 - b138?
-b141
In base 10, what is 10292 - 2?
10290
In base 15, what is -23 + -1736e?
-17392
In base 5, what is 2222434 + 4?
2222443
In base 16, what is 759 - 8?
751
In base 9, what is -1321 - -232?
-1078
In base 2, what is 1010 - 1010010101011100100?
-1010010101011011010
In base 8, what is 41 + -3136?
-3075
In base 14, what is 36b - -43?
3b0
In base 13, what is 14 + 22bb?
2302
In base 3, what is 11021 + -11000122?
-10212101
In base 6, what is 2043 + -304?
1335
In base 5, what is 23021 - 12310?
10211
In base 16, what is 0 + -10ffd?
-10ffd
In base 9, what is -20 - 18650?
-18670
In base 16, what is -1b - -4b5?
49a
In base 15, what is -133e - 171?
-14b0
In base 5, what is 41 - -102401?
102442
In base 13, what is -35 + 166?
131
In base 2, what is -101111001011011 - -1101?
-101111001001110
In base 16, what is 4 - -1758?
175c
In base 13, what is -5 - -1c20c7?
1c20c2
In base 8, what is -3 + 12011?
12006
In base 13, what is -5 + -3c842?
-3c847
In base 13, what is 1808 + -c?
17c9
In base 2, what is -1 + -1000010011010101100?
-1000010011010101101
In base 10, what is -25 - 19895?
-19920
In base 7, what is -46 - -3100?
3021
In base 13, what is -33 + 35a?
327
In base 3, what is -2101011 - 1010?
-2102021
In base 12, what is a2a + 56?
a84
In base 4, what is 22300130 - 10?
22300120
In base 6, what is 3 + -11415?
-11412
In base 2, what is -111 - 1000010011000110?
-1000010011001101
In base 13, what is 2369 + -207?
2162
In base 9, what is -37 - 1563?
-1611
In base 4, what is 100000 + 222?
100222
In base 9, what is 11418 - 456?
10852
In base 2, what is -110000 - -1010010010110?
1010001100110
In base 8, what is 21 - -2233?
2254
In base 13, what is -3 - 12a1a?
-12a20
In base 7, what is -4365 + 11421?
4023
In base 7, what is 2324 - -121?
2445
In base 10, what is -4902 + -10?
-4912
In base 16, what is -5a8a6 + -1?
-5a8a7
In base 15, what is 1a79 + -6?
1a73
In base 11, what is -7 - -1393?
1387
In base 7, what is 1136150 + 0?
1136150
In base 5, what is -4004123 - 2?
-4004130
In base 3, what is -210010 + -12111?
-222121
In base 5, what is 444 + 4020?
10014
In base 8, what is 333325 - -4?
333331
In base 13, what is -310bc6 - 2?
-310bc8
In base 9, what is -1 + 405265?
405264
In base 6, what is -3 - -410522?
410515
In base 11, what is -29a + 2a1?
2
In base 14, what is -3 - -4059?
4056
In base 4, what is -3 - -11312011?
11312002
In base 12, what is 17 - 83b?
-824
In base 13, what is -3a2 - 49?
-41b
In base 16, what is 1640 - 0?
1640
In base 14, what is -5c - -c3?
65
In base 3, what is -100111021 + -12?
-100111110
In base 11, what is 4304 - 4?
4300
In base 11, what is 10 - -15755?
15765
In base 7, what is -3330443 - 3?
-3330446
In base 5, what is -10022143 - 1?
-10022144
In base 4, what is 0 + 2232233?
2232233
In base 12, what is 2 + -196b8?
-196b6
In base 8, what is 5 - -106121?
106126
In base 7, what is -3214 - 256?
-3503
In base 8, what is 0 - 2714630?
-2714630
In base 2, what is -100110110010000 + 110?
-100110110001010
In base 4, what is -3220212 - 21?
-3220233
In base 4, what is 100 - -3021210?
3021310
In base 8, what is 51 - -43510?
43561
In base 16, what is -3b6f + 4?
-3b6b
In base 9, what is -25 + 12716?
12681
In base 6, what is 13030 - 33?
12553
In base 14, what is 4 + -2a9a4?
-2a9a0
In base 7, what is -1502 - 30?
-1532
In base 13, what is 9493 + 3?
9496
In base 11, what is -15395 + -4?
-15399
In base 12, what is 2 - -b81?
b83
In base 6, what is -42 + -125041?
-125123
In base 8, what is 0 + 1515057?
1515057
In base 9, what is -211 + 